t is the highest common divisor of 20 and w?
20
Suppose 0 = -v - x + 3 + 15, 0 = -3*x + 15. Let t be (3/(-9) - 0)*-18. Let p be v*(-10)/t*-3. Calculate the highest common factor of p and 26.
13
Let h(i) = 2*i**3 - 4*i**2 + 3*i - 2. Suppose 10 = -0*p + 5*p. Let x be h(p). Calculate the highest common divisor of 8 and x.
4
Let f(g) = g**2 + 6*g - 6. Let y be f(-6). Let m be (-137)/(-5) - y/10. Calculate the highest common divisor of m and 70.
14
Let b(c) = -c**3 - 9*c**2 + 8*c - 13. Let s be b(-10). What is the greatest common divisor of s and 7?
7
Let q(a) = 2*a**3 - 23*a**2 - 7*a + 6. Let l be q(12). What is the greatest common factor of l and 44?
22
Suppose 5 = k + 2. Let q(h) = -9*h - 15. Let n be q(-4). Calculate the greatest common divisor of n and k.
3
Let j(p) = -p**3 + 11*p**2 + 2*p - 10. Let d be j(11). Calculate the highest common factor of d and 4.
4
Let s be (-1)/((-2)/(-488)*-2). Let w be s/14 + (-2)/(-7). Suppose 20 = 4*q - 7*n + 3*n, 0 = -3*q - 3*n - w. Calculate the highest common divisor of 1 and q.
1
Suppose -y + 4*y = 4*x - 4499, 5*x - 5590 = -3*y. Suppose 0 = -4*u + x + 127. What is the highest common divisor of 39 and u?
39
Suppose -5*c + 6*v = 2*v - 179, c + 3*v = 32. Suppose -2*y - 7 + 35 = 0. Calculate the greatest common divisor of c and y.
7
Suppose c + 29 = w + 4, -3*w + c + 79 = 0. Let o = -25 - -43. Calculate the highest common divisor of w and o.
9
Suppose -4*u = 3*g - 117 + 38, 2*u - 5*g = 59. Calculate the greatest common divisor of u and 66.
22
Let f = -10 - -16. What is the highest common divisor of f and 15?
3
Suppose -45 = -5*d + 2*w - 14, 4*d = -2*w + 14. Let o = -3 - -4. What is the greatest common divisor of o and d?
1
Suppose 87 = 3*g - 2*a - a, g - 33 = 5*a. What is the greatest common divisor of 4 and g?
4
Let z = 0 - -3. Suppose 4*b = -12, -2*b + z - 15 = -2*d. Suppose u - 2*m = m + 26, -4*u = d*m - 44. What is the greatest common divisor of u and 7?
7
Let t = -49 - -53. Calculate the highest common divisor of 28 and t.
4
Let g = -2 - -5. Suppose -5*b + 16 + 14 = -5*h, -14 = -2*b + g*h. Suppose -4*m = -20, -3*m + 183 = b*j - 0*m. Calculate the highest common factor of j and 6.
6
Suppose -3*g + 4 = -5*c, -g - 2*c = 3*c - 8. Let z = -3 - -7. Suppose -6 = -2*x + v + 6, -z*x = v - 24. Calculate the greatest common divisor of g and x.
3
Let n = -4 - -6. Let y = n - -3. Suppose c + 174 = y*w - 2*c, 3*c = -3*w + 90. Calculate the highest common divisor of 3 and w.
3
Let f = 27 - 11. Calculate the highest common factor of f and 96.
16
Suppose 0 = -0*f - 4*f - 3*k + 49, -3*f - k + 38 = 0. Suppose -i = -15 - 11. What is the greatest common factor of f and i?
13
Suppose 4*p - 16 = 0, -5*q - 13 = -5*p - 3. Suppose q*n = l + 5*n - 8, 5*l = -n + 12. What is the greatest common factor of 18 and l?
2
Let x = -151 + 221. Let r be 7*(-5)/(x/(-48)). Suppose 5*i = 2*w + 4, -2*w = -w + 4*i - 11. Calculate the highest common divisor of r and w.
3
Let m = 9 + 0. Let h be 24/m*(1 + 2). Calculate the greatest common factor of h and 4.
4
Suppose -3*i - 560 = -8*i. Suppose -4*n = -68 - i. Calculate the greatest common factor of n and 18.
9
Suppose -10*l = -5*l - 70. Calculate the highest common factor of l and 28.
14
Let q(y) = y**2 - 4*y + 7. Let v be q(5). What is the greatest common divisor of 132 and v?
12
Suppose -35 = 5*i + 4*k, 5*k + 1 = -5*i - 34. Let d = i + 28. Calculate the highest common factor of d and 14.
7
Let m = 10 - -5. Calculate the greatest common divisor of 45 and m.
15
Suppose -22 = -2*c + 22. Suppose -g = 3*i - 41 - 20, -4*g + i + 218 = 0. Calculate the greatest common divisor of c and g.
11
Suppose 30 = 7*y - 2*y. Suppose 0 = b - 4*b - y. Let o be (-3 + 6)*b/(-3). Calculate the highest common divisor of 18 and o.
2
Suppose q - 17 = -5*k + 18, -2*k = -4*q + 30. What is the greatest common factor of q and 110?
10
Let i be 1/(2/11)*-2. Let k = i - -20. Calculate the greatest common factor of 81 and k.
9
Let d(s) = -s**2 + 7*s - 5. Let f be d(6). Let c = 5 - f. What is the highest common divisor of c and 32?
4
Suppose -5*a + g + 81 = 0, -2*g + 2 = 4. Let w = a - 11. Suppose 32 = o - 4*v, 5*o = -w*v + 92 + 93. Calculate the greatest common divisor of o and 90.
18
Let y(b) = -59*b + 1. Let u be y(-1). Suppose 2*l + l - 285 = -4*x, -3*l = -x + u. Let o be x + (-1 - 0)/(-1). What is the greatest common factor of o and 28?
14
Let m = -2 - -2. Let o(c) = c**2 - c + 30. Let y be o(m). Suppose -4*r + 64 = 4*z, 2*z - 2*r = 11 + 5. What is the greatest common divisor of y and z?
6
Let k(w) = w**2 - 2*w + 2. Let l be k(3). Suppose 540 = l*y - 0*y. What is the greatest common factor of y and 18?
18
Let w(l) = -6*l + 10. Let d be w(-12). Let p = -59 + d. Calculate the highest common divisor of 69 and p.
23
Suppose c = -c + 10. Let h(x) = 8*x**2 + x. Let m be h(-2). Let r = m + 15. Calculate the greatest common divisor of c and r.
5
Suppose 3*p - 4*l - 24 = -p, -3*p - 7 = 2*l. Calculate the highest common divisor of p and 2.
1
Let t(u) = -33*u + 13. Let r be t(-3). Let p be (-84)/(-9)*6/4. What is the highest common divisor of p and r?
14
Let y be (-12)/(-5)*10/3. Suppose 2*a - 7 = 1. Calculate the highest common divisor of y and a.
4
Suppose 8*d + 2*d - 140 = 0. Calculate the highest common factor of 7 and d.
7
Suppose 5*l = -20, -4*b + 7*l = 5*l - 112. Calculate the highest common factor of 13 and b.
13
Suppose 515 = 3*y + 179. What is the greatest common divisor of y and 16?
16
Let j be (-56)/(-10)*(-50)/(-20). Calculate the greatest common divisor of 14 and j.
14
Suppose 98 = 5*n - 0*j - 4*j, 79 = 4*n - 3*j. Suppose 3*v - 21 = 111. Calculate the greatest common divisor of n and v.
22
Let z = -7 - -21. Let f be (-8)/28 + 4/z. Suppose b = -4*o + 2*b + 44, o - b - 8 = f. Calculate the highest common factor of 8 and o.
4
Let v = -34 + 51. Suppose 4 = 3*m - m. Let l be (-51)/(-2)*m/1. Calculate the highest common divisor of v and l.
17
Let r(h) = -h**2 - h + 3. Let w(g) = g**2 - 5*g - 3. Let z be w(5). Let i be r(z). Let q be (-119)/i + 2/6. What is the highest common factor of q and 5?
5
Let v(u) = -u + 48. Let l be v(0). What is the greatest common factor of 12 and l?
12
Let h be (-2)/(-4) + 111/2. What is the highest common divisor of 7 and h?
7
Let g(p) = -p + 11. Let c be 4/(-14) - 44/(-7). Let i be g(c). What is the greatest common factor of i and 20?
5
Let j = -151 - -170. Calculate the highest common factor of j and 1.
1
Suppose -2*f = -21 - 83. Suppose 0 = -2*b + 7 - 5. Let t be (3/((-6)/(-26)))/b. What is the greatest common divisor of t and f?
13
Suppose -4*o + 532 = 3*h + h, -3*o = -3*h - 429. What is the greatest common divisor of o and 92?
46
Let k = 33 + 37. Let h = -2 + 3. Let n(a) = 27*a + 1. Let p be n(h). What is the highest common factor of k and p?
14
Let q be (-1)/((-3)/48) + 0. Suppose p + p = q. Calculate the greatest common factor of 16 and p.
8
Let n be 6/12*(2 - -2). Suppose 3*l - 21 = -3*f - 3, -f = -l + n. What is the greatest common factor of f and 2?
2
Let l(y) = y**2 - 3*y - 1. Let s = 6 - 3. Let n be l(s). Let d be 1 - -78 - (-2 - n). Calculate the highest common divisor of 10 and d.
10
Suppose -4*x + 86 = -26. Suppose f = p + 21 - 4, -5*p - x = -2*f. Suppose 7*j - 83 = 2*j + 3*q, 0 = -3*q + 12. What is the highest common factor of f and j?
19
Suppose 4*l = 9 + 3. Let x = 7 - 2. Suppose -2 + 5 = d + 4*w, -x*d + 60 = 5*w. What is the greatest common divisor of d and l?
3
Let k be (10/(-25))/(-1) - 133/(-5). Calculate the greatest common factor of 18 and k.
9
Let s be 12 + -5 - 1*6/2. Let n(j) = -27*j + 1. Let r be n(-1). What is the greatest common factor of s and r?
4
Suppose 7*a = 8*a - 33. What is the greatest common factor of 11 and a?
11
Suppose 11*q = 122 + 65. Calculate the greatest common divisor of q and 119.
17
Suppose 5*w - 20 = 0, 0*b + b - 37 = 3*w. Suppose d = 4*n - 2*n + 72, 4*n - 3*d = -146. Let y = n + b. What is the greatest common divisor of y and 7?
7
Let i(p) = 2*p + 4*p - p - 2*p. Let z be i(-1). Let j be ((-6)/z + -20)*-1. What is the greatest common factor of 18 and j?
18
Let z(k) = -k**3 + 8*k**2 + 9*k - 15. Let d be z(10). Let o = -61 - d. Calculate the greatest common factor of o and 8.
8
Let h(p) = 36*p**2 - 2*p - 1. Let x be h(-1). Let l = x + -18. Calculate 